(r).
-9
Let m(r) = 6*r - 61 - 58 - r**3 - 55 + 166 + 6*r**2. Determine m(7).
-15
Let x(u) = 20*u**3 - 9*u**2 + 2*u + 4. Let o(v) = 17*v**3 - 8*v**2 + 2*v + 3. Let q(y) = 7*o(y) - 6*x(y). Let z be (9/6)/((-3)/8). What is q(z)?
21
Let j(q) = 3*q**2 + 13*q - 9. Let l be j(-5). Let w(x) = -l + x**2 + 177*x - 174*x - 2*x**2. Determine w(2).
1
Let q(t) = -19*t + 10. Let h(u) = 54*u - 28. Let n(k) = -6*h(k) - 17*q(k). What is n(6)?
-8
Let t(l) = 2*l + 8. Suppose -5*i + 5*k = 10, 5*k + 10 = -5*i - 20. Let x = i - -8. Suppose -3*s - 6 = 0, 0 = x*b + 5*s + 11 + 23. Determine t(b).
-4
Let l(p) be the second derivative of p**5/20 + p**4/12 + 2*p**3/3 + 3*p**2 - 18*p + 2. Let t be l(-2). Let d(a) = -a**3 - 7*a**2 - 5*a + 4. Calculate d(t).
-2
Let p = -11 - -15. Suppose 8*m = p*m - 168. Let b be (5/(-3))/((-14)/m). Let g(f) = -3*f - 7. What is g(b)?
8
Let o(r) = r**3 + 5*r**2 + 5*r + 4. Let q be (3/(-6))/(3/126). Let i be -5 + 7/(q/(-6)). Let f(h) = h**2 + 5*h + 3. Let m be f(i). What is o(m)?
7
Let g be -2*(0 + -2)*1. Let s(p) be the first derivative of -p**5/120 + p**4/8 + p**3/3 - 8. Let m(l) be the third derivative of s(l). Calculate m(g).
-1
Suppose z = 5*h - 15, 14 = 3*h + 5. Let n be -1*2 - 1*z/2. Let o(a) be the second derivative of -a**5/20 - a**3/6 + a**2/2 - a. Determine o(n).
11
Let y(l) = -l**2 - 22*l + 5. Let w be y(-22). Let r(d) = 2*d**2 - 5*d - 3. What is r(w)?
22
Let t(b) = -5*b**2 - 5*b - 8. Let u(l) = 18*l**2 + 15*l + 23. Let v(y) = 7*t(y) + 2*u(y). Determine v(7).
4
Let i(q) = 5*q**2 - 6*q + 7. Let v(w) = 13*w**2 - 15*w + 20. Let j(t) = 8*i(t) - 3*v(t). Determine j(0).
-4
Suppose 0 = 2*b - 131 + 135. Let u(o) = 4*o**3 + 2*o + 1. Determine u(b).
-35
Suppose -15*v + 85 = -10*v. Let t(f) = 15 + 2*f - 4*f - v. Suppose 4*g - 5*c - 16 = 7, -2*g - 2 = 2*c. Give t(g).
-6
Suppose 0*w - 10 = -5*a - w, -4*w = -2*a - 18. Let t(n) = -1 - 3*n + n + a + 1 + n**2. Determine t(2).
1
Let x(t) = -32*t**3 + 8 + 21*t**3 - 6*t + 16*t**3. Let h(j) = -4*j**3 - j**2 + 5*j - 7. Let p(u) = -6*h(u) - 5*x(u). Calculate p(6).
2
Let p(t) = -4*t**3 - 2*t**2 - 2*t - 2. Let o be p(-1). Let s(f) = o + 4 + f + 0 - 2*f. What is s(0)?
6
Let n(p) = 18*p + 2 - p**3 - 2*p**2 - 44*p + 18*p - 6*p**2. What is n(-6)?
-22
Let x(t) = 5 + 2186*t + 2196*t - 4392*t. What is x(7)?
-65
Let a be -1 - (-8)/2 - -1. Let t(v) be the third derivative of -1 + 0*v - 4*v**2 - 1/6*v**4 + 1/60*v**5 + v**3. Determine t(a).
6
Let j(v) = -2*v**2 + 2*v**2 + 2*v + 12*v**2 - 7*v**2 + 2*v**2. What is j(2)?
32
Let y(r) be the first derivative of -r**2 - 6*r - 147. Give y(-4).
2
Suppose 2*h + 13 - 21 = 0. Suppose -h*p - 3*n = 6, -5*p + 7*n - 2*n = -10. Let b(v) = v**2 + v - 1. Calculate b(p).
-1
Let z(c) = -2*c + 22. Let r(l) = -l + 7. Let i(s) = 7*r(s) - 2*z(s). Let j be i(2). Let d(x) = x**3 + x**2. Determine d(j).
0
Let y(q) = 9 + 14*q - 12*q**2 + 40*q**2 - 27*q**2. What is y(-13)?
-4
Let w(a) = -a**2 - a + 0*a + a + 2*a + 2. Give w(-2).
-6
Let u(f) = -f**2 - 5*f - 2. Suppose 0*n + 4 = -2*n - 2*h, -2*n = -h + 16. Determine u(n).
-8
Let j(a) be the first derivative of 1/4*a**4 + 5*a - a**3 - 3*a**2 - 17. Let m be ((-16)/6)/(2/(-3)). Calculate j(m).
-3
Let h(q) = 3*q**3 - q - 1 - 2*q - q + 6*q. Let f(l) = 13*l**3 + 9*l - 5. Let j(z) = -2*f(z) + 9*h(z). Let d = -8 + 6. Calculate j(d).
-7
Let b(w) = -4*w + 5. Let q(u) = -u. Let h(d) = -b(d) + 3*q(d). Determine h(7).
2
Let o(h) = h**3 + h**2 - h + 1. Let s be o(1). Suppose -2 = -5*l + k + s, 4*k = -l + 5. Let j(d) = 2*d - 1. Calculate j(l).
1
Let o(h) = -h + 14. Let m be o(12). Suppose m*i = -i. Let j be (-2 - 21/(-3)) + i. Let n(c) = c**3 - 4*c**2 - 6*c + 2. Calculate n(j).
-3
Suppose -14 = 2*f + q + 2*q, 21 = -5*f - 4*q. Let t(s) = -5*s**2 - s. What is t(f)?
-4
Let c(d) = d**2 + 4*d - 5. Let n = -81 - -80. Let t(b) = 1. Let a(u) = n*c(u) - 6*t(u). Determine a(-3).
2
Let m(z) = -4 + 9 + z**2 - 7*z**2 + 2*z + z**3 - 1. Calculate m(4).
-20
Let z(m) = 8*m - 2. Let s(j) = 15*j - 6. Let x(p) = -5*s(p) + 9*z(p). What is x(9)?
-15
Let x(k) = -k**2 + 3*k + 5. Let c be 4/(-3) + 2/(-3). Let t be (c/(-5))/((-5)/(-50)). Calculate x(t).
1
Let u(j) = -j**3 + 7*j**2 - 8*j + 7. Suppose 37 = -4*r - 7. Let n = -570 + 587. Let o = n + r. Calculate u(o).
-5
Suppose 11 = 3*p + 5*h, -4*p + 7 = -0*p - h. Let x(l) = 1 + l**p - 2 + 4 - 5*l. Let q = -49 - -52. Determine x(q).
-3
Let n(c) be the first derivative of -2*c**3/3 - 4*c**2 - 7*c - 267. Give n(-5).
-17
Let m = -13 + 15. Let h(f) = -m*f + 0*f - f. Determine h(6).
-18
Let d = 53 + -49. Suppose -d*u - 5*v + 15 = 0, -3*v - 23 = -5*u - 5*v. Let l(g) = -2*g + g - 2*g + g**2 - 7. What is l(u)?
3
Suppose 4*q + 40 = 4*g, 0 = -5*q + 4*g - 14 - 33. Let c(d) = d**3 + 7*d**2 + 3. Give c(q).
3
Let b(a) = -a**2 - 6*a - 3. Suppose -3*f = -5 - 19. Let r be (28/8 + -3)*f. Suppose 0*h = r*u + h + 27, 5*u = -h - 33. What is b(u)?
-3
Let y(f) = 5*f - 6. Let s(c) = -6*c + 5. Let x(u) = 4*s(u) + 5*y(u). Let i(w) = w - 5. Let t(d) = -5*i(d) + 2*x(d). Give t(-5).
20
Let a = 643 + -642. Let x(l) = 7*l**3 + l - 1. Calculate x(a).
7
Let s(x) = 3*x**2 - 4*x. Let c = 99 + -96. Determine s(c).
15
Let f(t) be the third derivative of t**6/60 + t**5/20 + t**4/12 + t**2. Suppose 5*r = 16*r - 64 + 86. What is f(r)?
-8
Let m(z) be the third derivative of -5*z**2 - 1/6*z**3 + 1/24*z**4 + 0*z + 0. Suppose 0*r + 5*p = r - 5, 2*p = -4*r - 24. What is m(r)?
-6
Let k(m) = -9*m**2 - m + 1. Let t = -425 - -426. What is k(t)?
-9
Let z be (1 - -1)/(1/2). Let o(v) = -v**2 + 9*v + 5. Let i(w) = -w - 1. Let p(f) = -6*i(f) - o(f). Determine p(z).
5
Suppose -2*c + 14 = -5*s + 25, 5*c = 3*s - 18. Let z(r) be the first derivative of 4*r**2 + 1. Give z(s).
8
Suppose -k + 85 = 4*x, -x + 17 = -3*k - 1. Suppose -w + 12 = 2*i - i, i = -4*w + x. Let r(s) = -i + 11 + s**2 + s + s. What is r(-4)?
10
Let b = 1 - -4. Let p(l) = 3*l**2 - 3*l + 6. Let u be 6/(-2) + (26 - 6)/4. Let j(h) = 4*h**2 - 2*h + 6. Let r(d) = u*j(d) - 3*p(d). Give r(b).
-6
Suppose -2*a + 328 = 298. Let l(z) = z - 7. Determine l(a).
8
Let g(a) = a**3 - 4*a**2 - a + 3. Suppose y - 54 = -3*r, 3*y - 116 = 3*r - 2. Let z = y - 22. Let w be 8/z - (-13)/5. Give g(w).
-9
Let w(k) = -k**2 - k + 12. Let n be w(-4). Let a(b) = -b - b**3 + b**2 + 3 + b + 5. Give a(n).
8
Let g be (-527)/93 - 2*-3. Let k(j) be the first derivative of g*j**3 + 9 + 7/2*j**2 - 4*j. Determine k(-5).
-14
Let y(b) = -b**3 - 2*b**2 + 2*b. Suppose 0 = -38*k - 58 - 94. Calculate y(k).
24
Let h(u) = -12*u + 23*u - 5*u + 8 - 9*u. Determine h(-6).
26
Suppose -1 = 2*a + 3*a + 4*z, 2*a = -4*z - 10. Let r(f) = 2*f + f**2 + 3*f - 1 + a. Give r(-3).
-4
Suppose 2 = -2*a + 2*f, -a + 5*f = -9 - 2. Let d(h) = -h**3 - 5*h**2 - h + 1. Give d(a).
-11
Let j(k) = 2*k + 80. Let m(v) = 11. Let s(q) = -j(q) + 4*m(q). Calculate s(0).
-36
Let g be 6/(-2)*4/(-6). Let f(d) = -6*d**3 + 4*d**2 - 6*d + 3. Let i(w) = 7*w**3 - 4*w**2 + 7*w - 4. Let h(p) = -5*f(p) - 4*i(p). Give h(g).
5
Let y(k) = 2898 - 2900 + 2*k - k. Give y(2).
0
Suppose -3*z = -0*z + 3. Let y(q) be the third derivative of 1/6*q**3 + 0 + 5/24*q**4 - 2*q**2 + 0*q. Calculate y(z).
-4
Let d = 210 - 214. Let n(r) = -3*r + 7. Let b(t) = -4*t + 0 + 6 + 4. Let x(w) = 5*b(w) - 7*n(w). Give x(d).
-3
Let b = 3 + 2. Suppose b*p - 6 = -16. Let r(t) = 21*t**2 - t - 9. Let z(m) = 5*m**2 - 2. Let a(q) = -2*r(q) + 9*z(q). Give a(p).
8
Let m be (-12)/6*1/2. Let y = m - -3. Suppose 0 = 4*i - y*i - 10. Let z(a) = a**2 - 5*a. Calculate z(i).
0
Let n(r) = r - 10. Let u be n(4). Let h(l) = l**3 + 8*l**2 + 6*l - 3. Give h(u).
33
Let p(t) = t**2 - 5*t + 7. Let l be 1/(-3)*(-13 - -4). Suppose -13 = -l*n + 2. Calculate p(n).
7
Let w(r) = r**2 + 2. Let m be w(0). Let o(n) = 2*n**2 + n - 5. Let g(y) = 15*y**2 + 4*y - 32. Let z(x) = g(x) - 6*o(x). What is z(m)?
6
Suppose 5 = -2*i + 3*l, -3*l + 39 - 22 = 4*i. Let a(d) be the first derivative of -5*d**2/2 + 3*d + 3. Determine a(i).
-7
Let f(h) = 2*h - 11. Let g(j) = -33*j - 522. Let v be g(-16). What is f(v)?
1
Suppose 7 = -3*r - 8. Let j(l) = l**3 + 6*l**2 + 6*l - 5. Let p(z) = 1. Let n be (-7 - -8) + (2 - 2). Let c(y) = n*j(y) + 4*p(y). What is c(r)?
-6
Let p(n) = -6*n + 1. Let k(x) = x**3 + 14*x**2 + 24*x - 1. Let y be k(-12). What is p(y)?
7
Let h(p) = p - 3. Suppose 0 = -0*v - v + 4*w 